{"id":3,"date":"2022-12-28T13:55:49","date_gmt":"2022-12-28T13:55:49","guid":{"rendered":"https:\/\/www.viveresenzapsicofarmaci.it\/wp3\/?page_id=3"},"modified":"2023-08-21T19:57:27","modified_gmt":"2023-08-21T19:57:27","slug":"privacy-policy","status":"publish","type":"page","link":"https:\/\/www.viveresenzapsicofarmaci.it\/wp3\/privacy-policy\/","title":{"rendered":"Privacy &#038; Cookie  Policy"},"content":{"rendered":"\n<h1 class=\"wp-block-heading\">Privacy &amp; Cookie  Policy<\/h1>\n\n\n\n<p><strong><br>Informativa resa ai sensi dell\u2019art. 13 del D.lgs. 30 giugno 2003 n. 196 (Codice in materia di Protezione dei Dati Personali)<\/strong><\/p>\n\n\n\n<p>Gentile Signore\/a,<\/p>\n\n\n\n<p>ai sensi dell\u2019art. 13 del D.lgs. 196\/2003 ed in relazione alle informazioni di cui si entrer\u00e0 in possesso, ai fini della tutela delle persone e altri soggetti in materia di trattamento di dati personali, si informa quanto segue:<\/p>\n\n\n\n<p><strong>Finalit\u00e0 del Trattamento<br><\/strong>I dati dell\u2019utente acquisiti mediante inserimento da parte dell\u2019utente o all\u2019interno di moduli di contatto saranno utilizzati esclusivamente per dar seguito alla Sua richiesta<\/p>\n\n\n\n<p><strong>Modalit\u00e0 del Trattamento<br><\/strong>Le modalit\u00e0 con la quale verranno trattati i dati personali contemplano modalit\u00e0 informatica o modalit\u00e0 cartacea<\/p>\n\n\n\n<p><strong>Conferimento dei dati<br><\/strong>Il conferimento dei dati per le finalit\u00e0 di cui al punto 1 sono facoltativi e l\u2019eventuale rifiuto dell\u2019autorizzazione comporta il mancato raggiungimento delle finalit\u00e0 suddette<\/p>\n\n\n\n<p><strong>Comunicazione e diffusione dei dati<br><\/strong>I dati forniti non saranno soggetti a comunicazione n\u00e9 a diffusione<\/p>\n\n\n\n<p><strong>Titolare Trattamento Dati<\/strong><br>Il Titolare del trattamento dati \u00e9&nbsp;il<br>Dott. Pierluigi Bonici<br>Viale Trastevere, 209 \u2013 Roma<br>Tel. &nbsp;06 58334809<br>Email:&nbsp;<a href=\"mailto:pedagogiafamiliare@gmail.com\">pedagogiafamiliare@gmail.com<\/a><\/p>\n\n\n\n<p><strong>Diritti degli interessati<br><\/strong>Si informa inoltre come, ai sensi dell\u2019art. 7 del D.lgs.196\/2003, \u00e8 diritto dell\u2019interessato quella di richiedere in qualsiasi momento la conferma dell\u2019esistenza di dati personali, di conoscerne il contenuto, l\u2019origine e le modalit\u00e0 di trattamento, di chiederne l\u2019aggiornamento, la rettifica, la cancellazione o la trasformazione in forma anonima o il blocco dei dati trattati in violazione di legge. All\u2019interessato \u00e8 riservata la facolt\u00e0 di opporsi al trattamento dei dati personali e di conoscere in ogni momento il titolare del trattamento degli stessi.<\/p>\n\n\n\n<h2 class=\"wp-block-heading\"><strong>Informativa Cookies<\/strong><\/h2>\n\n\n\n<p>I cookie vengono utilizzati sul nostro sito web per offrire agli utenti un servizio e un\u2019esperienza migliori. Questo documento descrive le categorie di cookie che utilizziamo, il loro scopo e come modificare le proprie preferenze.<\/p>\n\n\n\n<p><strong>Cosa sono i cookie?<\/strong><\/p>\n\n\n\n<p>I cookie sono piccoli file di dati memorizzati dal browser sul disco rigido del computer. Ogni volta che un utente torna a visitare il nostro sito web, il browser ci reinvia questi cookie in modo da permetterci di offrirgli un\u2019esperienza personalizzata, che rifletta i suoi interessi e le sue preferenze e faciliti l\u2019accesso ai nostri servizi.<\/p>\n\n\n\n<p><strong>Quali cookie utilizziamo?<\/strong><\/p>\n\n\n\n<p>I cookie che utilizziamo ci consentono di riconoscere gli utenti che tornano a visitare il sito e i loro dati, in modo da evitare loro di dover inserire pi\u00f9 volte le stesse informazioni. Inoltre, ci permettono di analizzare i modelli di traffico degli utenti che visitano il nostro sito Web in modo da migliorarne l\u2019usabilit\u00e0.<br>Ecco alcuni dei tipi di cookie utilizzati sul nostro sito web:<\/p>\n\n\n\n<p><strong>Cookie tecnici<\/strong><\/p>\n\n\n\n<p>\u00c8 possibile che vengano utilizzati cookie tecnici per permettere agli utenti di usufruire dei servizi richiesti tramite il nostro sito web. Senza questi cookie, non sarebbe possibile fornire i servizi richiesti.<br>&nbsp;Per esempio, i cookie tecnici possono essere utilizzati per:<\/p>\n\n\n\n<ul class=\"wp-block-list\">\n<li>gestire e ricordare gli elementi aggiunti al carrello sul negozio online (se presente nel sito)<\/li>\n\n\n\n<li>permettere agli utenti di accedere ad aree sicure del nostro sito web senza dover continuamente effettuare il login<\/li>\n\n\n\n<li>ricordare eventuali azioni eseguite dall\u2019utente (per esempio, il completamento di un modulo) quando si torna alla pagina precedete di una sessione<\/li>\n<\/ul>\n\n\n\n<p><strong>Cookie analitici<\/strong><\/p>\n\n\n\n<p>I cookie analitici potrebbero essere utilizzati per ottenere informazioni sull\u2019uso del sito web. Inoltre, questi cookie permettono di ottenere informazioni tecniche dettagliate, quali l\u2019ultima pagina visitata, il numero di pagine visitate, quali parti del sito web vengono cliccate dagli utenti e il tempo trascorso fra un clic e l\u2019altro. Queste informazioni potrebbero essere associate a dettagli dell\u2019utente quali indirizzo IP, dominio o browser; tuttavia, vengono analizzate insieme a informazioni di altre persone in modo da&nbsp;<strong>non identificare un determinato utente rispetto all\u2019altro<\/strong>.<\/p>\n\n\n\n<p><strong>Cookie di terze parti<\/strong><\/p>\n\n\n\n<p>Quando un utente utilizza il nostro sito web, \u00e8 possibile che vengano memorizzati alcuni cookie non controllati da noi. Questo accade, per esempio, se l\u2019utente visita una pagina che contiene contenuti di un sito web di terzi. Di conseguenza, l\u2019utente ricever\u00e0 cookie da questi servizi di terze parti. I cookie non contengono informazioni personali, a meno che l\u2019utente non abbia effettuato l\u2019accesso all\u2019account.<br>Per esempio, i cookie di terze parti potrebbero essere originati da YouTube, Facebook o Twitter.<br>Non controlliamo la memorizzazione o l\u2019accesso a questi cookie. Per ulteriori informazioni sull\u2019utilizzo dei cookie da parte di terzi, consultare l\u2019Informativa sulla privacy e sui cookie dei servizi in questione.<\/p>\n\n\n\n<p><strong>Come modificare le impostazioni sui cookie<\/strong><\/p>\n\n\n\n<p>La maggior parte dei browser permette di cancellare i cookie dal disco fisso del computer, di bloccare l\u2019accettazione dei cookie o di ricevere un avviso prima che un cookie venga memorizzato.<\/p>\n\n\n\n<p><strong>Cosa succede se si disattivano i cookie?<\/strong><\/p>\n\n\n\n<p>Se l\u2019utente blocca o cancella un cookie, potrebbe essere impossibile ripristinare le preferenze o le impostazioni personalizzate specificate in precedenza e la nostra capacit\u00e0 di personalizzare l\u2019esperienza dell\u2019utente sar\u00e0 limitata.<br>Ai link di seguito potrete trovare informazioni su come modificare le impostazioni i vari browsers:<\/p>\n\n\n\n<ul class=\"wp-block-list\">\n<li><a href=\"https:\/\/support.google.com\/accounts\/answer\/61416?hl=it\">Google Chrome<\/a><\/li>\n\n\n\n<li><a href=\"https:\/\/support.mozilla.org\/it\/kb\/Attivare%20e%20disattivare%20i%20cookie\">Mozilla Firefox<\/a><\/li>\n\n\n\n<li><a href=\"https:\/\/support.microsoft.com\/it-it\/windows\/eliminare-e-gestire-i-cookie-168dab11-0753-043d-7c16-ede5947fc64d\">Internet Explorer<\/a><\/li>\n\n\n\n<li><a href=\"https:\/\/support.apple.com\/kb\/PH19214?viewlocale=it_IT&amp;locale=it_IT\">Safari<\/a><\/li>\n<\/ul>\n","protected":false},"excerpt":{"rendered":"<p>Privacy &amp; Cookie Policy Informativa resa ai sensi dell\u2019art. 13 del D.lgs. 30 giugno 2003 n. 196 (Codice in materia di Protezione dei Dati Personali) Gentile Signore\/a, ai sensi dell\u2019art. 13 del D.lgs. 196\/2003 ed in relazione alle informazioni di cui si entrer\u00e0 in possesso, ai fini della tutela delle persone e altri soggetti in &hellip;<\/p>\n<p class=\"read-more\"> <a class=\"\" href=\"https:\/\/www.viveresenzapsicofarmaci.it\/wp3\/privacy-policy\/\"> <span class=\"screen-reader-text\">Privacy &#038; Cookie  Policy<\/span> Leggi altro &raquo;<\/a><\/p>\n","protected":false},"author":1,"featured_media":0,"parent":0,"menu_order":12,"comment_status":"closed","ping_status":"open","template":"","meta":{"site-sidebar-layout":"default","site-content-layout":"default","ast-global-header-display":"","ast-main-header-display":"","ast-hfb-above-header-display":"","ast-hfb-below-header-display":"","ast-hfb-mobile-header-display":"","site-post-title":"","ast-breadcrumbs-content":"","ast-featured-img":"","footer-sml-layout":"","theme-transparent-header-meta":"","adv-header-id-meta":"","stick-header-meta":"","header-above-stick-meta":"","header-main-stick-meta":"","header-below-stick-meta":"","footnotes":""},"class_list":["post-3","page","type-page","status-publish","hentry"],"aioseo_notices":[],"_links":{"self":[{"href":"https:\/\/www.viveresenzapsicofarmaci.it\/wp3\/wp-json\/wp\/v2\/pages\/3","targetHints":{"allow":["GET"]}}],"collection":[{"href":"https:\/\/www.viveresenzapsicofarmaci.it\/wp3\/wp-json\/wp\/v2\/pages"}],"about":[{"href":"https:\/\/www.viveresenzapsicofarmaci.it\/wp3\/wp-json\/wp\/v2\/types\/page"}],"author":[{"embeddable":true,"href":"https:\/\/www.viveresenzapsicofarmaci.it\/wp3\/wp-json\/wp\/v2\/users\/1"}],"replies":[{"embeddable":true,"href":"https:\/\/www.viveresenzapsicofarmaci.it\/wp3\/wp-json\/wp\/v2\/comments?post=3"}],"version-history":[{"count":5,"href":"https:\/\/www.viveresenzapsicofarmaci.it\/wp3\/wp-json\/wp\/v2\/pages\/3\/revisions"}],"predecessor-version":[{"id":1563,"href":"https:\/\/www.viveresenzapsicofarmaci.it\/wp3\/wp-json\/wp\/v2\/pages\/3\/revisions\/1563"}],"wp:attachment":[{"href":"https:\/\/www.viveresenzapsicofarmaci.it\/wp3\/wp-json\/wp\/v2\/media?parent=3"}],"curies":[{"name":"wp","href":"https:\/\/api.w.org\/{rel}","templated":true}]}}